be the first derivative of -2*o**3/3 + 109*o - 8. What is the units digit of r(b)?
9
Suppose -123*g + 126*g - 120216 = 2*b, 3*b - 200398 = -5*g. What is the units digit of g?
6
Let u(r) = 19*r**2 + 191*r + 880. What is the units digit of u(54)?
8
Let i(r) = -289*r + 1449. What is the ten thousands digit of i(-52)?
1
Let n = 35086 + -12409. What is the tens digit of n?
7
Suppose 3*s + 3*m = 30624, 0*s + 5*s + m - 51052 = 0. What is the ten thousands digit of s?
1
Let f(m) = 799*m**2 + m - 4. Let g be f(-1). Let b = -39 + g. What is the tens digit of b?
5
Let r = 2915 + -4609. Let x = r + 3594. What is the hundreds digit of x?
9
Let y be (2 - (-40)/(-15))*27. Let c(f) = -4*f - 20. Let d be c(-6). What is the units digit of ((y/d)/1)/(36/(-72))?
9
Let q(s) be the second derivative of -s**4/12 - 19*s**3/6 - 22*s**2 + 14*s - 2. What is the units digit of q(-16)?
4
Suppose 8*t = 9*t - 925. What is the tens digit of (9*6/(-45))/((-5)/t)?
2
Let l be 4/4 - -3 - (-8)/(-2). Suppose 9*h = -l*h + 3*h. Suppose -2*t + 9 = -3*q - 159, h = -t - 4*q + 73. What is the units digit of t?
1
Let y(m) = m**3 + 4*m**2 + 2*m - 1. Let n be y(-2). Suppose -5*g = -4*g - 5*r - 140, 616 = 5*g + 3*r. Suppose g = n*x - 439. What is the units digit of x?
8
What is the units digit of -12*6/((-10905)/(-2185) - (1 - -4))?
6
Let l(c) = c**3 + 2*c**2 - 2*c + 68. Let p be l(0). Suppose -63*n + p*n = 920. Suppose 62 = -2*a + n. What is the tens digit of a?
6
Suppose 2*l - 162 = -2*w, 2*l - 408 = -6*w + w. Suppose 2*y - 60 = w. Suppose c + 0*c - 4*j - y = 0, 2 = -2*j. What is the units digit of c?
7
Let n be (4/(-6))/(84/(-3150)). Let y(f) = f**3 - 4*f**2 - f - 4. Let p be y(6). Let h = p - n. What is the tens digit of h?
3
Suppose 68*b = -26*b + 516530. What is the hundreds digit of b?
4
Let g(j) = 5*j**2 - 5*j - 45. Suppose -x = -2*c - 3, 3 = 2*x - 3*c + 1. What is the units digit of g(x)?
5
Let z(u) = 3*u - 7. What is the units digit of z(27)?
4
Let s(p) = -58*p**3 - p**2 + 2*p - 4. Let m = -727 + 725. What is the tens digit of s(m)?
5
Let a(s) = s**3 + 26*s**2 + 47*s - 14. Let o be a(-24). Let g be (o/2)/((-2)/(-8)*-2). Let y(x) = x**2 - 6*x - 23. What is the tens digit of y(g)?
3
Suppose 77*m - 75*m = 0. Suppose 0 = -3*h - 4*l + 1166, 3*h - 3*l = -m*l + 1173. What is the tens digit of h?
9
Let l be 12/16 + 115/92. Suppose -l*m + 2*d + 1696 = 0, 6*m - 1661 = 4*m - 5*d. What is the hundreds digit of m?
8
Let k be 6 - (5 + 5)/5. Let c be (24/4 - 0)*2/k. Suppose -208 = -c*x + 320. What is the tens digit of x?
7
Let u be 0 + (8 - (6 - 1)). Suppose -3*k - u*g + 24 = -9, 7 = k - g. What is the units digit of k?
9
Let p(r) = 145*r - 176. Let d be p(6). Let i = d - 626. What is the tens digit of i?
6
Let i(x) = 119*x**2 + 2*x + 11. Let r be i(-4). Suppose -r - 2836 = -9*u. What is the hundreds digit of u?
5
Suppose -4*d + 5*d = -2*c - 6, -3*c + 2 = -4*d. Let z be (d/(-4))/(9/(-18)). Let r(p) = 202*p**2 + 4*p + 2. What is the hundreds digit of r(z)?
2
Let i = 1210 - 617. Let o = i - -1175. What is the units digit of o?
8
Suppose n = 5*t - 25, -2*t + n = 2*t - 21. Suppose 9 = -t*h + 7*h. Suppose -3*v = -h*q + 786, 0 = 4*q - 0*q + 3*v - 1083. What is the hundreds digit of q?
2
Let u = -30 + 43. Let z(h) = -u*h**2 - h**3 + h**2 + 12*h - 11 + 13. What is the units digit of z(-13)?
5
Suppose t + 265533 = 5*a, -1107*t = -5*a - 1109*t + 265554. What is the tens digit of a?
0
Let x(f) = 4226*f**2 + 62*f - 4. What is the ten thousands digit of x(-2)?
1
Let i(o) = 558*o**2 + 1854*o - 22. What is the ten thousands digit of i(-14)?
8
Let d = -10044 - -27143. Suppose 0 = 20*b - d - 4241. What is the units digit of b?
7
Let m(i) = -i**3 + i**2 + i + 384. Suppose -3 = a + 2*r + 1, -a = 5*r + 10. Let j be m(a). Let l = j - 97. What is the hundreds digit of l?
2
Let o(u) = -u**2 - 8*u - 7. Let g be o(-4). Suppose -g*r = -7*r - 114. Let i = r + -6. What is the units digit of i?
1
Let f(n) = 2*n**3 - n**2 - 11*n + 14. Let s = -202 - -208. What is the hundreds digit of f(s)?
3
Let m = -2561 + 2557. Suppose -c + 2*f = -15, f + 6 = c - 4. Let b = c - m. What is the units digit of b?
9
Suppose n - 2748 = -4*u, 0 = -3*n + 13*u - 18*u + 8265. Suppose w - 556 = 3*o, 7*o = 5*w + 2*o - n. What is the tens digit of w?
5
Let u be 2/16 - (-10 + (-159108)/(-32)). What is the hundreds digit of (-9)/(-15) + -1 + u/(-5)?
9
Let m = -42834 + 72181. What is the hundreds digit of m?
3
Let z(s) = -1. Let c(x) = -7*x**3 + 16*x + 5. Let f(k) = c(k) + 2*z(k). What is the thousands digit of f(-6)?
1
Suppose p - c + 9 = 0, -p - 31 = 4*p + 2*c. Let g(j) = -5*j + 2. Let w be g(p). Suppose 5*a + 3*n - 98 = 0, 2*a = -0*a + n + w. What is the units digit of a?
9
Let a = 7721 + -2991. What is the thousands digit of a?
4
What is the tens digit of 31768/12 + (1/(-9))/((-11)/(-33))?
4
Let p = -60630 + 106176. What is the units digit of p?
6
Let w be (1/(3/282))/(4 + -3). Suppose 861 = 34*c - 27*c. Let p = c - w. What is the tens digit of p?
2
Let d(u) be the third derivative of -u**4/24 - 29*u**3/6 - 13*u**2. Let q be d(-14). What is the units digit of (21/(-2))/(2/(140/q))?
9
Suppose -t + 9614 = 2*t - 4*d, -3*d - 16038 = -5*t. Let n = 4782 - t. What is the thousands digit of n?
1
Suppose 15 - 3 = 4*f. Suppose -f*c = -0*c + 351. Let k = c - -215. What is the units digit of k?
8
Let x(m) = 11817*m - 7839. What is the tens digit of x(5)?
4
Let g be ((-430)/4)/(71/(-710)). Suppose 3*h = 2*h + g. What is the units digit of h?
5
Let l = 7567 + 1576. What is the hundreds digit of l?
1
Suppose 102420 = 1107*j - 1071*j. What is the thousands digit of j?
2
Let u be (-7)/(63/(-6)) - 57/(-9). Let x = 138 + -75. Let l = x - u. What is the units digit of l?
6
Suppose 5*b - 395 = -420, 2*b + 189244 = 3*f. What is the tens digit of f?
7
Suppose 30*a + 2*r - 12711 = 29*a, -4*r - 12699 = -a. What is the units digit of a?
7
Let q(h) = -5*h**2 - 24*h - 46. Let n be q(-8). What is the units digit of n/4*(-6)/1?
1
Suppose 69 - 5 = -4*n. Let y = n + 20. Suppose 0 = -y*r - 16 + 108. What is the tens digit of r?
2
Let x = 229 - 234. What is the hundreds digit of (-4091)/x - 6 - (-8)/10?
8
Let t = 144 + -58. Let z = t - -821. What is the hundreds digit of z?
9
Let w(n) = n**3 + 6*n**2 - 10*n - 21. Let t be w(-7). Suppose k = -4 + 8, -v + 5*k + 295 = t. What is the hundreds digit of v?
3
Let n = 72758 - 35154. What is the tens digit of n?
0
Let f(p) = -2*p**2 + 27*p - 15. Let r be f(13). What is the tens digit of (2 - (-13)/r)/((-7)/126)?
8
Let u = 52 + -48. Let c be u/(-14) + 192/84. Suppose -g + 73 = c. What is the units digit of g?
1
Let p be 9/15 - (-7)/((-210)/40008). What is the tens digit of (p/(-86))/((-2)/(-68))?
2
Suppose -22*u = -303 - 401. What is the units digit of u?
2
Let n = -214 + 348. Suppose 3*p - 6*p = -2*z - 394, n = p + 2*z. Let j = p + -102. What is the units digit of j?
0
Suppose 4*h + k + 6909 = 26285, -4859 = -h - 4*k. What is the hundreds digit of h?
8
Let p(n) = n + 32. Let l be p(10). Suppose -8330 = -49*j + l*j. What is the hundreds digit of j?
1
Let w = -2 + 5. Suppose w*j = 5*v + 36, 0 = -5*j + 5*v + 1 + 69. What is the tens digit of j?
1
Suppose 3*d - 5*d = -0*d. Suppose d*v - p = -3*v + 317, -v + 5*p + 101 = 0. Let r = v - -26. What is the units digit of r?
2
Let n be 40/(-20) + (2 - -3). What is the units digit of 7*(0 + (-2658)/(-21)) - n?
3
Let d = -3218 + 5513. What is the thousands digit of d?
2
What is the tens digit of (786775/75 - (-4)/6)*(6 - 5)?
9
Suppose 4*o + b - 5 = 0, -2*b = -o - 4*o - 10. Suppose 0 = h - 2*d - 80, o = -4*h - 4*d - 39 + 395. Let m = 34 + h. What is the tens digit of m?
2
Let f = -4649 + 37976. What is the ten thousands digit of f?
3
Suppose -24*x = -25*x - 1. Let g be -3 + 5 - x - 2. What is the tens digit of -97*((-8)/4 + g)?
9
Suppose 2*y - 17884 = -0*d - 2*d, -8944 = -d - 2*y. What is the hundreds digit of d?
9
Suppose -9*l = -2*l. Suppose l = -10*r + 11*r - 346. What is the tens digit of r?
4
Suppose -10*d = 3*j - 9*d - 1075, -5*d + 1055 = 3*j. What is the thousands digit of ((-2830)/3)/((-300)/j)?
1
Suppose 19817 = 108*h - 101*h. Suppose 4*z - 2393 - h = 0. What is the units digit of z?
6
Let n(b) = -14*b**3 - 2*b - 1. Let w be n(2). Let g(z) = z**2 - 2*z + 1. Let t be g(3). What is the units d